he highest common divisor of p and h.
2
Suppose -2*o = -k + 16236 - 1464, -7*k + 4*o = -103324. What is the highest common factor of 56 and k?
28
Suppose 392 = w - 2*v - 4098, 3*v - 22437 = -5*w. What is the highest common factor of 1320 and w?
264
Suppose -16*w = -12*w - 12, 4*a - 3*w - 1431 = 0. Calculate the greatest common factor of 135 and a.
45
Suppose -25*u - 19086 = -46*u + 3657. What is the greatest common factor of u and 228?
57
Let o = -12 - -82. Suppose -o = -14*j + 266. What is the highest common factor of 456 and j?
24
Let y be 1/(-8) - (-324)/288. Suppose 3*m = r - y, 0 = -m - 6 + 8. What is the greatest common factor of r and 7?
7
Suppose 2*x - 3631 = -t, -5*t + 11859 = -x - 6318. Calculate the highest common factor of 5 and t.
5
Let c(k) = k**2 + 33*k + 62. Let l be c(-31). Suppose -g + 0*f + 3*f + 40 = l, -38 = -g + f. Calculate the highest common factor of 185 and g.
37
Suppose -4*d - 4 = 0, 3*h - 66 - 59 = -d. Let t be 7/(h/24) - -23. Calculate the highest common divisor of 27 and t.
27
Let b(u) = 9*u + 69. Let g be b(-7). What is the highest common factor of 1614 and g?
6
Let c = 4 + 4. Suppose -3*a = -8*k + 12*k - 608, 4*a = -5*k + 759. Suppose k + 45 = 5*r. What is the highest common divisor of c and r?
8
Let u = 70 + -46. Suppose -651 = -5*j - 4*d, 2*j - 191 - 75 = -3*d. Let n = j - 95. What is the greatest common factor of n and u?
8
Let m = 40 + 67. Let k = m - 101. What is the greatest common factor of k and 246?
6
Suppose -4*n = -4*r - 64, -56*n + 3*r = -59*n + 12. Let a be (-1 + 2)/((-3)/(-255)). What is the highest common factor of n and a?
5
Let q = -1383 - -1695. What is the highest common divisor of q and 273?
39
Let c(u) = -u**2 + 47*u - 448. Let r be c(14). Calculate the greatest common factor of r and 7.
7
Let r be -4 + -1 - -371 - (7 + -2). Let g(u) = -65*u + 233. Let d be g(3). What is the highest common factor of r and d?
19
Let j(d) = d**3 - 34*d**2 + 160*d - 45. Let t be j(29). What is the greatest common factor of 299 and t?
13
Let l(u) = u**2 + 27*u + 59. Let w be l(-25). Suppose -w*v + 5*s + 3 = -8*v, 4*v + s = 12. What is the highest common factor of 11 and v?
1
Suppose 45*i - 79*i + 39*i = 35. What is the greatest common factor of i and 4963?
7
Let i = 145 + -257. Let s = i + 227. Let a = s + 35. Calculate the highest common factor of a and 30.
30
Suppose 0 = -5*v - f + 71, 5*v + 3*f - 1 = 62. What is the highest common divisor of 5685 and v?
15
Let t = 3838 + -3658. What is the highest common divisor of 500 and t?
20
Let i be (-4081)/(-11)*(-12 + 13). What is the highest common divisor of 1537 and i?
53
Suppose 0 = -119*t + 20*t + 55341. Suppose 0 = 3*m + 4*k - 133, -7*m + 2*k = -2*m - 213. What is the greatest common divisor of t and m?
43
Suppose -53*t + 14460 - 2691 = -19183. Calculate the highest common divisor of 949 and t.
73
Let b be -4*(-37)/10 + 120/(-150). Suppose -b*l = -l - 195. What is the greatest common divisor of 270 and l?
15
Let h(s) = -11*s**3 + 18 - 83*s + 100*s + 10*s**3 - 2*s**2. Let y be h(-6). What is the highest common factor of 140 and y?
20
Let s = 3 + -2. Let m = 297 + -299. Let y be (-29)/((1 + m)*s). What is the highest common divisor of 261 and y?
29
Let u be 2 + (-7590)/(-24) - (-7)/(-28). What is the greatest common divisor of u and 2438?
106
Let t = -113 - -29. Let z = -87 - t. Let r be (0 + (-4)/z)*(-486)/(-36). What is the greatest common divisor of r and 4?
2
Let k = -25 - -55. Let r = 35 - k. Suppose r = -q, -2*h + 20 = 3*h + 5*q. What is the highest common divisor of h and 99?
9
Suppose -11*m + 2618 = -1012. Calculate the highest common factor of m and 726.
66
Suppose -6*y = -19 - 17. Suppose y*l + 1 = 25. What is the greatest common divisor of l and 20?
4
Let s(l) = -3*l**3 - 22*l**2 - 74*l - 25. Let v be s(-5). What is the greatest common factor of 640 and v?
10
Let s be (18 - -140 - -4)*20/8. Let o(p) = -12*p - 6. Let f be o(-4). Let m = 3 + f. What is the highest common divisor of s and m?
45
Let i = -27135 + 27815. Calculate the greatest common factor of 3880 and i.
40
Let d(b) = b**3 - 4*b**2 - 8*b. Suppose 11*w + 185 = 251. Let r be d(w). Calculate the greatest common divisor of r and 36.
12
Let v be (2418/65)/((-3)/(-20)). Suppose -7*f + 382 + v = 0. Calculate the highest common factor of f and 18.
18
Let h be (-7)/((-35)/12)*20/(-6). Let p(j) = 6*j + 144. Let y be p(h). What is the highest common factor of 48 and y?
48
Let y = 85 + -77. Let h(d) = 13*d - 74. Let g be h(y). Let r = -7 + 13. What is the greatest common factor of r and g?
6
Let v(g) = -7*g**2 - 2*g - 23. Let n(p) = 6*p**2 + 4*p + 23. Let q(y) = -6*n(y) - 5*v(y). Let k be q(-11). What is the greatest common divisor of k and 4?
2
Suppose -2*t + 47*u - 44*u = -35, 2*t = 2*u + 36. Calculate the highest common factor of 2641 and t.
19
Let u(h) = -h**3 + 0 + 7*h**2 + 4 + 11*h + 2. Let d be u(8). Let t be 1*28 - 65/(-70)*-14. What is the highest common divisor of t and d?
15
Suppose -16*b + 40 = -21*b. Let d be -39 - ((-4)/(-5))/(b/20). Let x = 53 + d. Calculate the greatest common divisor of x and 56.
8
Let q be (-2)/8 + 7315/28. Let v = 46 - 44. Suppose 2*t - 23 = u - v*u, 119 = 4*u - t. Calculate the highest common factor of u and q.
29
Let v = 235 + -232. Let t(r) = 3*r - 18. Let c be t(11). Let s be ((-9)/(-12))/((c/(-168))/(-5)). Calculate the highest common divisor of s and v.
3
Let z = 47 - 37. Let q(b) = b**2 + 8*b + 9. Suppose 5*m + 28 = m. Let l be q(m). What is the highest common factor of l and z?
2
Suppose -5*f - 2*f + 98 = 0. Suppose 0*i = f*i - 1148. Let z = -74 + i. What is the greatest common divisor of z and 72?
8
Suppose -3*g = 4*i + i - 26, -3*g + 6 = 0. Let p(q) = q**2 + q + 2. Let t be p(i). Suppose 0 = 19*n - 615 - 12. What is the highest common divisor of t and n?
11
Let x(b) = -25*b**3 + b. Let a be x(-1). Let k = 99 + 93. Calculate the greatest common factor of a and k.
24
Let y be -1 + -7 + 4 + (9 - -11). What is the greatest common divisor of 7 and y?
1
Let p = -610 - -1036. Let v = p + -327. What is the highest common divisor of v and 9?
9
Let w(t) = 87*t**3 - t + 1. Let i be w(1). Suppose -4*h - 5*r + i = -157, 5*h - 4*r = 346. Calculate the highest common divisor of h and 528.
66
Let b be (-120)/(-8)*20/3. Let o = -1832 - -1836. Calculate the highest common factor of b and o.
4
Let t(x) = x**2 + 15*x - 47. Let u be t(-21). Suppose -3*r + 2*r + u = 5*f, r + 4*f = 78. Calculate the greatest common factor of r and 111.
37
Suppose 2*n = -n + 102. Let l(t) = -136*t + 1819. Let h be l(13). What is the greatest common divisor of h and n?
17
Let b be 224/(-504) + 69699/27. Calculate the greatest common factor of b and 116.
29
Let f be ((-24588)/14)/(-3) - (-333)/(-777). Calculate the greatest common divisor of 855 and f.
45
Suppose 2531*c = 2522*c + 63. What is the greatest common factor of 175 and c?
7
Let b(j) = j + 14. Let a be b(4). Suppose 12*m + 144 = 14*m. What is the greatest common factor of a and m?
18
Let f be 442*(4/(-22) + 15/22). Let s be (-1 - -14) + 0 + 0. Calculate the highest common divisor of f and s.
13
Let l(j) = -2*j + 0*j + 21*j**2 - 22*j**2 + 2 + 1. Let q be l(-2). Let w(i) = -5*i + 39. Let x be w(6). What is the greatest common factor of x and q?
3
Let h be -1 - (-724)/8 - -9*13/78. What is the highest common divisor of 497 and h?
7
Suppose 0 = -b + 4*t + 507, 507 = b - 14*t + 11*t. Calculate the highest common divisor of 2873 and b.
169
Suppose 162*x - 159*x - 1149 = -5*g, 4*x = 32. Suppose -6*k = -4*k - 50. What is the greatest common factor of k and g?
25
Let n be (1 + 2004)*(-1 - (10 - (-152)/(-10))). What is the highest common divisor of 21 and n?
21
Let l be (-168)/(-90) - 2 - (721474/(-30) - -14). What is the greatest common factor of 418 and l?
209
Let i = 55 + -44. Suppose -5*o = -a - i, 9 + 2 = o + 2*a. Suppose -2*f - 293 = -4*x + 3*f, -237 = -o*x - 2*f. What is the greatest common divisor of x and 7?
7
Let l(d) = -7*d**3 + 4*d**2 + 4*d + 13. Let a be l(-3). Suppose -a - 1107 = -31*h. What is the highest common factor of h and 215?
43
Let b(l) = -3*l + 48. Let d be -1 - ((-5 - -2) + (10 - 2)). Let z = d - 18. Let r be b(z). What is the highest common factor of 15 and r?
15
Let i(b) = -55*b + 452. Let n be i(8). Let d be (2 + -20*3